{"id":1551,"date":"2020-12-27T15:24:00","date_gmt":"2020-12-27T14:24:00","guid":{"rendered":"http:\/\/shop2026.sportselite.de\/?post_type=product&#038;p=1551"},"modified":"2026-04-04T19:36:50","modified_gmt":"2026-04-04T17:36:50","slug":"best-protein","status":"publish","type":"product","link":"https:\/\/shop2026.sportselite.de\/?product=best-protein","title":{"rendered":"Best Protein"},"content":{"rendered":"<p><strong>Zutaten:<\/strong><br \/>\nMilcheiwei\u00dfkonzentrat (49.4%), Molkeneiwei\u00df-Konzentrat (49.0%), H\u00fchnereieiwei\u00dfpulver (1.0%), Emulgator (Soja-Lecithin), L-Ascorbins\u00e4ure, Nicotinamid, DL-alpha Tocopherylacetat, Calcium-D-pantothenat, Riboflavin, Pyridoxinhydrochlorid, Thiaminmononitrat, Pteroylmonoglutamins\u00e4ure, D-Biotin, Cyanocobalamin<\/p>\n<p><strong>Anmerkung:<\/strong> zwischen den einzelnen Geschmacksrichtungen gibt es Unterschiede in den Zutaten, das PDF mit allen Geschmacksrichtungen finden Sie hier: <a href=\"https:\/\/shop2026.sportselite.de\/wp-content\/uploads\/2021\/01\/Protein80_alle_Geschmacksrichtugen-1.pdf\">Protein80_alle_Geschmacksrichtugen<\/a><\/p>\n","protected":false},"excerpt":{"rendered":"<p>Mehrkomponenten Protein von h\u00f6chster Qualit\u00e4t, der hochwertige Allrounder. Die optimale Kombination &#8222;schnellen&#8220; Whey Proteins mit &#8222;langsamen&#8220; Casein, erg\u00e4nzt mit Egg Protein, gew\u00e4hrleistet eine durchg\u00e4ngige Proteinversorgung, von sofort bis stetig. Zu jedem Zeitpunkt einsetzbar, vor oder nach dem Training, immer das richtige Eiwei\u00df. Erh\u00e4ltlich in 11 verschiedenen Geschmacksrichtungen.<\/p>\n","protected":false},"featured_media":2870,"template":"","meta":{"inline_featured_image":false},"product_brand":[],"product_cat":[141,77],"product_tag":[],"class_list":{"0":"post-1551","1":"product","2":"type-product","3":"status-publish","4":"has-post-thumbnail","6":"product_cat-empfehlungen","7":"product_cat-muskelaufbau","9":"first","10":"instock","11":"featured","12":"taxable","13":"shipping-taxable","14":"purchasable","15":"product-type-variable","16":"has-default-attributes"},"_links":{"self":[{"href":"https:\/\/shop2026.sportselite.de\/index.php?rest_route=\/wp\/v2\/product\/1551","targetHints":{"allow":["GET"]}}],"collection":[{"href":"https:\/\/shop2026.sportselite.de\/index.php?rest_route=\/wp\/v2\/product"}],"about":[{"href":"https:\/\/shop2026.sportselite.de\/index.php?rest_route=\/wp\/v2\/types\/product"}],"version-history":[{"count":8,"href":"https:\/\/shop2026.sportselite.de\/index.php?rest_route=\/wp\/v2\/product\/1551\/revisions"}],"predecessor-version":[{"id":2062,"href":"https:\/\/shop2026.sportselite.de\/index.php?rest_route=\/wp\/v2\/product\/1551\/revisions\/2062"}],"wp:featuredmedia":[{"embeddable":true,"href":"https:\/\/shop2026.sportselite.de\/index.php?rest_route=\/wp\/v2\/media\/2870"}],"wp:attachment":[{"href":"https:\/\/shop2026.sportselite.de\/index.php?rest_route=%2Fwp%2Fv2%2Fmedia&parent=1551"}],"wp:term":[{"taxonomy":"product_brand","embeddable":true,"href":"https:\/\/shop2026.sportselite.de\/index.php?rest_route=%2Fwp%2Fv2%2Fproduct_brand&post=1551"},{"taxonomy":"product_cat","embeddable":true,"href":"https:\/\/shop2026.sportselite.de\/index.php?rest_route=%2Fwp%2Fv2%2Fproduct_cat&post=1551"},{"taxonomy":"product_tag","embeddable":true,"href":"https:\/\/shop2026.sportselite.de\/index.php?rest_route=%2Fwp%2Fv2%2Fproduct_tag&post=1551"}],"curies":[{"name":"wp","href":"https:\/\/api.w.org\/{rel}","templated":true}]}}