{"id":1578,"date":"2020-12-27T15:39:47","date_gmt":"2020-12-27T14:39:47","guid":{"rendered":"http:\/\/shop2026.sportselite.de\/?post_type=product&#038;p=1578"},"modified":"2026-04-04T19:40:36","modified_gmt":"2026-04-04T17:40:36","slug":"best-amino-tabs-2100","status":"publish","type":"product","link":"https:\/\/shop2026.sportselite.de\/?product=best-amino-tabs-2100","title":{"rendered":"Best Amino Tabs 2100"},"content":{"rendered":"<p><strong>Zutaten:<\/strong><\/p>\n<p><span dir=\"ltr\" role=\"presentation\">SOJAeiwei\u00df-Isolat, MOLKENeiwei\u00dfkonzentrat, <\/span><span dir=\"ltr\" role=\"presentation\">Dicalciumphosphat, Trennmittel (Siliciumdioxid, <\/span><span dir=\"ltr\" role=\"presentation\">Magnesiumsalze der Speisefetts\u00e4uren, MOLKENeiwei\u00dfhydrolysat<\/span><\/p>\n<p><strong>Inhalt:<\/strong> 325 Tabletten<\/p>\n<p><strong>Produktdatenblatt <a href=\"https:\/\/shop2026.sportselite.de\/wp-content\/uploads\/2023\/01\/2023-Deklaration-Amino-2100.pdf\" target=\"_blank\" rel=\"noopener\">Amino-Tablette_2100<\/a><\/strong><\/p>\n","protected":false},"excerpt":{"rendered":"<p>Nach dem Training ben\u00f6tigt die Muskulatur schnell verf\u00fcgbare Aminos\u00e4uren. Durch die schnelle Kapazit\u00e4t an Aminos\u00e4uren entsteht kein Defizit an Muskelsubstanz! Ideal auch f\u00fcr eine Di\u00e4t, da weniger Kohlenhydrate zugef\u00fchrt werden. Aminos\u00e4uren sind die Bausteine der Proteine, daher geben Amino Tabs dem K\u00f6rper direkt alle n\u00f6tigen Aminos\u00e4uren. Au\u00dferdem werden bei intensiven Training nicht nur Kohlenhydrate, sondern auch Aminos\u00e4uren zur Energieversorgung herangezogen. Das Ursprungsprotein von unseren Amino Tabs ist biologisch hochwertiges Whey (Molken) Protein. Durch ein besonders schonendes Verfahren ist es bereits optimal aufgespalten, so dass die Aminos\u00e4uren sehr schnell vom K\u00f6rper aufgenommen werden.<\/p>\n","protected":false},"featured_media":2874,"template":"","meta":{"inline_featured_image":false},"product_brand":[],"product_cat":[77],"product_tag":[],"class_list":{"0":"post-1578","1":"product","2":"type-product","3":"status-publish","4":"has-post-thumbnail","6":"product_cat-muskelaufbau","8":"first","9":"instock","10":"taxable","11":"shipping-taxable","12":"purchasable","13":"product-type-simple"},"_links":{"self":[{"href":"https:\/\/shop2026.sportselite.de\/index.php?rest_route=\/wp\/v2\/product\/1578","targetHints":{"allow":["GET"]}}],"collection":[{"href":"https:\/\/shop2026.sportselite.de\/index.php?rest_route=\/wp\/v2\/product"}],"about":[{"href":"https:\/\/shop2026.sportselite.de\/index.php?rest_route=\/wp\/v2\/types\/product"}],"version-history":[{"count":7,"href":"https:\/\/shop2026.sportselite.de\/index.php?rest_route=\/wp\/v2\/product\/1578\/revisions"}],"predecessor-version":[{"id":2462,"href":"https:\/\/shop2026.sportselite.de\/index.php?rest_route=\/wp\/v2\/product\/1578\/revisions\/2462"}],"wp:featuredmedia":[{"embeddable":true,"href":"https:\/\/shop2026.sportselite.de\/index.php?rest_route=\/wp\/v2\/media\/2874"}],"wp:attachment":[{"href":"https:\/\/shop2026.sportselite.de\/index.php?rest_route=%2Fwp%2Fv2%2Fmedia&parent=1578"}],"wp:term":[{"taxonomy":"product_brand","embeddable":true,"href":"https:\/\/shop2026.sportselite.de\/index.php?rest_route=%2Fwp%2Fv2%2Fproduct_brand&post=1578"},{"taxonomy":"product_cat","embeddable":true,"href":"https:\/\/shop2026.sportselite.de\/index.php?rest_route=%2Fwp%2Fv2%2Fproduct_cat&post=1578"},{"taxonomy":"product_tag","embeddable":true,"href":"https:\/\/shop2026.sportselite.de\/index.php?rest_route=%2Fwp%2Fv2%2Fproduct_tag&post=1578"}],"curies":[{"name":"wp","href":"https:\/\/api.w.org\/{rel}","templated":true}]}}