{"id":1614,"date":"2020-12-27T16:27:16","date_gmt":"2020-12-27T15:27:16","guid":{"rendered":"http:\/\/shop2026.sportselite.de\/?post_type=product&#038;p=1614"},"modified":"2023-02-04T09:51:44","modified_gmt":"2023-02-04T08:51:44","slug":"best-zink","status":"publish","type":"product","link":"https:\/\/shop2026.sportselite.de\/?product=best-zink","title":{"rendered":"Best Zink"},"content":{"rendered":"<p><strong>Zutaten:<\/strong><br \/>\nF\u00fcllstoff: Reismehl; Zinkgluconat<br \/>\n\u00dcberzugsmittel: Hydroxypropylmethyl-Zellulose (Kapselh\u00fclle)<\/p>\n<p><strong>Produktdatenblatt <a href=\"https:\/\/shop2026.sportselite.de\/wp-content\/uploads\/2023\/02\/2023-BestZink25.pdf\">Zink 25<\/a><\/strong><\/p>\n","protected":false},"excerpt":{"rendered":"<p>Der Mineralstoff Zink hat vielf\u00e4ltige Schl\u00fcsselfunktionen: Es ist wichtig f\u00fcr unsere Haut und N\u00e4gel. Ein Zinkmangel zeigt sich oft an br\u00fcchigen Haaren und N\u00e4gel sowie trockener Haut.<br \/>\nZink unterst\u00fctzt den Stoffwechsel und vor allem das Immunsystem.<\/p>\n","protected":false},"featured_media":2521,"template":"","meta":{"inline_featured_image":false},"product_brand":[],"product_cat":[41],"product_tag":[],"class_list":{"0":"post-1614","1":"product","2":"type-product","3":"status-publish","4":"has-post-thumbnail","6":"product_cat-gesund","8":"first","9":"instock","10":"taxable","11":"shipping-taxable","12":"purchasable","13":"product-type-simple"},"_links":{"self":[{"href":"https:\/\/shop2026.sportselite.de\/index.php?rest_route=\/wp\/v2\/product\/1614","targetHints":{"allow":["GET"]}}],"collection":[{"href":"https:\/\/shop2026.sportselite.de\/index.php?rest_route=\/wp\/v2\/product"}],"about":[{"href":"https:\/\/shop2026.sportselite.de\/index.php?rest_route=\/wp\/v2\/types\/product"}],"version-history":[{"count":6,"href":"https:\/\/shop2026.sportselite.de\/index.php?rest_route=\/wp\/v2\/product\/1614\/revisions"}],"predecessor-version":[{"id":2525,"href":"https:\/\/shop2026.sportselite.de\/index.php?rest_route=\/wp\/v2\/product\/1614\/revisions\/2525"}],"wp:featuredmedia":[{"embeddable":true,"href":"https:\/\/shop2026.sportselite.de\/index.php?rest_route=\/wp\/v2\/media\/2521"}],"wp:attachment":[{"href":"https:\/\/shop2026.sportselite.de\/index.php?rest_route=%2Fwp%2Fv2%2Fmedia&parent=1614"}],"wp:term":[{"taxonomy":"product_brand","embeddable":true,"href":"https:\/\/shop2026.sportselite.de\/index.php?rest_route=%2Fwp%2Fv2%2Fproduct_brand&post=1614"},{"taxonomy":"product_cat","embeddable":true,"href":"https:\/\/shop2026.sportselite.de\/index.php?rest_route=%2Fwp%2Fv2%2Fproduct_cat&post=1614"},{"taxonomy":"product_tag","embeddable":true,"href":"https:\/\/shop2026.sportselite.de\/index.php?rest_route=%2Fwp%2Fv2%2Fproduct_tag&post=1614"}],"curies":[{"name":"wp","href":"https:\/\/api.w.org\/{rel}","templated":true}]}}