{"id":2107,"date":"2021-01-06T11:34:28","date_gmt":"2021-01-06T10:34:28","guid":{"rendered":"https:\/\/shop2026.sportselite.de\/?post_type=product&#038;p=2107"},"modified":"2026-04-04T19:48:03","modified_gmt":"2026-04-04T17:48:03","slug":"best-amino-liquid-ampullen","status":"publish","type":"product","link":"https:\/\/shop2026.sportselite.de\/?product=best-amino-liquid-ampullen","title":{"rendered":"Best Amino Liquid Ampullen"},"content":{"rendered":"<p><strong>Zutaten:<\/strong><br \/>\nWasser, Proteinhydrolysat (38 %), Fruktose, S\u00e4uerungsmittel (Citronens\u00e4ure), Aroma, Konservierungsstoff (Kaliumsorbat), S\u00fc\u00dfungsmittel (Natriumcyclamat, Acesulfam K, Saccharin), Pyridoxinhydrochlorid, Sauerkirschfruchtpulver (0,05%), Farbstoffe (E 122, E 124)<\/p>\n<p><strong>Anmerkung:<\/strong> zwischen den einzelnen Geschmacksrichtungen gibt es Unterschiede in den Zutaten, das PDF mit allen Geschmacksrichtungen finden Sie hier: <a href=\"http:\/\/shop2026.sportselite.de\/wp-content\/uploads\/2020\/12\/Amino-Liquid-Orange-und-Kirsche.pdf\">Amino-Liquid Orange und Kirsche<\/a><\/p>\n","protected":false},"excerpt":{"rendered":"<p>Aminos\u00e4ure (20 Ampullen \u00e1 25ml) in fl\u00fcssiger Form mit optimalen Aminos\u00e4ureprofil. Durch die schnelle und leichte Aufnahme der Aminos\u00e4ure wird eine optimale Versorgung des K\u00f6rpers mit den f\u00fcr den Muskelaufbau ben\u00f6tigten Bausteinen sichergestellt.<\/p>\n","protected":false},"featured_media":1737,"template":"","meta":{"inline_featured_image":false},"product_brand":[],"product_cat":[77],"product_tag":[],"class_list":{"0":"post-2107","1":"product","2":"type-product","3":"status-publish","4":"has-post-thumbnail","6":"product_cat-muskelaufbau","8":"first","9":"instock","10":"taxable","11":"shipping-taxable","12":"purchasable","13":"product-type-variable"},"_links":{"self":[{"href":"https:\/\/shop2026.sportselite.de\/index.php?rest_route=\/wp\/v2\/product\/2107","targetHints":{"allow":["GET"]}}],"collection":[{"href":"https:\/\/shop2026.sportselite.de\/index.php?rest_route=\/wp\/v2\/product"}],"about":[{"href":"https:\/\/shop2026.sportselite.de\/index.php?rest_route=\/wp\/v2\/types\/product"}],"version-history":[{"count":4,"href":"https:\/\/shop2026.sportselite.de\/index.php?rest_route=\/wp\/v2\/product\/2107\/revisions"}],"predecessor-version":[{"id":2113,"href":"https:\/\/shop2026.sportselite.de\/index.php?rest_route=\/wp\/v2\/product\/2107\/revisions\/2113"}],"wp:featuredmedia":[{"embeddable":true,"href":"https:\/\/shop2026.sportselite.de\/index.php?rest_route=\/wp\/v2\/media\/1737"}],"wp:attachment":[{"href":"https:\/\/shop2026.sportselite.de\/index.php?rest_route=%2Fwp%2Fv2%2Fmedia&parent=2107"}],"wp:term":[{"taxonomy":"product_brand","embeddable":true,"href":"https:\/\/shop2026.sportselite.de\/index.php?rest_route=%2Fwp%2Fv2%2Fproduct_brand&post=2107"},{"taxonomy":"product_cat","embeddable":true,"href":"https:\/\/shop2026.sportselite.de\/index.php?rest_route=%2Fwp%2Fv2%2Fproduct_cat&post=2107"},{"taxonomy":"product_tag","embeddable":true,"href":"https:\/\/shop2026.sportselite.de\/index.php?rest_route=%2Fwp%2Fv2%2Fproduct_tag&post=2107"}],"curies":[{"name":"wp","href":"https:\/\/api.w.org\/{rel}","templated":true}]}}