{"id":2511,"date":"2023-02-01T18:02:45","date_gmt":"2023-02-01T17:02:45","guid":{"rendered":"https:\/\/shop2026.sportselite.de\/?post_type=product&#038;p=2511"},"modified":"2026-04-04T19:57:39","modified_gmt":"2026-04-04T17:57:39","slug":"best-d3k2","status":"publish","type":"product","link":"https:\/\/shop2026.sportselite.de\/?product=best-d3k2","title":{"rendered":"Best D3+K2"},"content":{"rendered":"<p><strong>Zutaten:<\/strong><br \/>\nF\u00fcllstoff: Reismehl, \u00dcberzugsmittel: Hydroxypropylmethyl-Zellulose (Kapselh\u00fclle),<br \/>\nVitamin K2-MK7 all-trans, Vitamin D3 (Cholecalciferol)<\/p>\n<p><span dir=\"ltr\" role=\"presentation\">Nahrungserg\u00e4nzungsmittel<\/span> <span dir=\"ltr\" role=\"presentation\">mit<\/span> <span dir=\"ltr\" role=\"presentation\">D3 und K2<\/span><\/p>\n<p><strong>Inhalt:<\/strong> Dose 60 St\u00fcck<strong><br \/>\n<\/strong><\/p>\n<p><strong>Wirkstoff:<br \/>\n<\/strong><span dir=\"ltr\" role=\"presentation\">Vitamin D3 ( Cholecalciferol )<\/span> <span dir=\"ltr\" role=\"presentation\">125\u03bcg<br \/>\n<\/span><span dir=\"ltr\" role=\"presentation\">Vitamin K2 Mk7 all-trans<\/span> <span dir=\"ltr\" role=\"presentation\">100\u03bcg<\/span><\/p>\n<p>Produktdatenblatt: <a href=\"https:\/\/shop2026.sportselite.de\/wp-content\/uploads\/2023\/02\/2023-D3K2Caps.pdf\" target=\"_blank\" rel=\"noopener\">Best D3 K2<\/a><\/p>\n","protected":false},"excerpt":{"rendered":"<p>St\u00e4rkt das Immunsystem<\/p>\n<p>Unterst\u00fctzt das Hormonsystem<\/p>\n<p>Unterst\u00fctzt die Muskelfunktion<\/p>\n<p>Zum Erhalt normaler Knochen<\/p>\n<p>Zum Erhalt normaler Z\u00e4hne<\/p>\n","protected":false},"featured_media":2515,"template":"","meta":{"inline_featured_image":false},"product_brand":[],"product_cat":[41],"product_tag":[],"class_list":{"0":"post-2511","1":"product","2":"type-product","3":"status-publish","4":"has-post-thumbnail","6":"product_cat-gesund","8":"first","9":"instock","10":"taxable","11":"shipping-taxable","12":"purchasable","13":"product-type-simple"},"_links":{"self":[{"href":"https:\/\/shop2026.sportselite.de\/index.php?rest_route=\/wp\/v2\/product\/2511","targetHints":{"allow":["GET"]}}],"collection":[{"href":"https:\/\/shop2026.sportselite.de\/index.php?rest_route=\/wp\/v2\/product"}],"about":[{"href":"https:\/\/shop2026.sportselite.de\/index.php?rest_route=\/wp\/v2\/types\/product"}],"version-history":[{"count":5,"href":"https:\/\/shop2026.sportselite.de\/index.php?rest_route=\/wp\/v2\/product\/2511\/revisions"}],"predecessor-version":[{"id":2518,"href":"https:\/\/shop2026.sportselite.de\/index.php?rest_route=\/wp\/v2\/product\/2511\/revisions\/2518"}],"wp:featuredmedia":[{"embeddable":true,"href":"https:\/\/shop2026.sportselite.de\/index.php?rest_route=\/wp\/v2\/media\/2515"}],"wp:attachment":[{"href":"https:\/\/shop2026.sportselite.de\/index.php?rest_route=%2Fwp%2Fv2%2Fmedia&parent=2511"}],"wp:term":[{"taxonomy":"product_brand","embeddable":true,"href":"https:\/\/shop2026.sportselite.de\/index.php?rest_route=%2Fwp%2Fv2%2Fproduct_brand&post=2511"},{"taxonomy":"product_cat","embeddable":true,"href":"https:\/\/shop2026.sportselite.de\/index.php?rest_route=%2Fwp%2Fv2%2Fproduct_cat&post=2511"},{"taxonomy":"product_tag","embeddable":true,"href":"https:\/\/shop2026.sportselite.de\/index.php?rest_route=%2Fwp%2Fv2%2Fproduct_tag&post=2511"}],"curies":[{"name":"wp","href":"https:\/\/api.w.org\/{rel}","templated":true}]}}